True
Is 1411331 a composite number?
False
Is 34507 prime?
False
Is 121721 composite?
False
Is 13126 a composite number?
True
Is 22271 prime?
True
Is 39265 composite?
True
Is 25013 a prime number?
True
Is 454985 a prime number?
False
Is 14507 a composite number?
True
Is 44869 a composite number?
True
Is 1105345 a composite number?
True
Is 62333 a prime number?
False
Is 154487 prime?
True
Is 18463 composite?
True
Is 637553 a composite number?
True
Is 10705 a prime number?
False
Is 251 composite?
False
Is 160729 a composite number?
True
Is 3137 a prime number?
True
Is 76901 a prime number?
False
Is 3433 prime?
True
Is 30643 composite?
False
Is 428755 a prime number?
False
Is 160193 a composite number?
True
Is 6739 composite?
True
Is 113 a composite number?
False
Is 29089 composite?
True
Is 2165089 prime?
True
Is 20089 composite?
False
Is 96343 prime?
False
Is 25757 prime?
False
Is 3641 composite?
True
Is 2179 prime?
True
Is 20851 a composite number?
True
Is 1079 composite?
True
Is 1532953 prime?
False
Is 498049 composite?
True
Is 200339 prime?
False
Is 15073 a prime number?
True
Is 495049 a prime number?
False
Is 400289 prime?
False
Is 130927 prime?
True
Is 1584101 a composite number?
False
Is 17059 a composite number?
True
Is 189149 a prime number?
True
Is 8817 a composite number?
True
Is 111745 a composite number?
True
Is 10993 composite?
False
Is 158611 prime?
True
Is 283298 prime?
False
Is 603443 composite?
False
Is 37462 a composite number?
True
Is 10174 a prime number?
False
Is 319117 composite?
False
Is 274237 composite?
False
Is 952865 prime?
False
Is 30403 composite?
False
Is 38891 composite?
False
Is 18514 composite?
True
Is 25147 a composite number?
False
Is 5557 a composite number?
False
Is 37435 a prime number?
False
Is 173319 a prime number?
False
Is 19378 prime?
False
Is 1413203 a prime number?
False
Is 5723 prime?
False
Is 5779 composite?
False
Is 735389 a composite number?
False
Is 55241 prime?
False
Is 899039 a prime number?
False
Is 9598 prime?
False
Is 33827 composite?
False
Is 1207 composite?
True
Is 19123 prime?
False
Is 378127 a prime number?
True
Is 177677 prime?
True
Is 673 composite?
False
Is 293 prime?
True
Is 7453 a composite number?
True
Is 797 a prime number?
True
Is 91174 a prime number?
False
Is 29231 a prime number?
True
Is 241907 a prime number?
True
Is 42281 prime?
True
Is 597874 composite?
True
Is 34807 a prime number?
True
Is 738707 prime?
True
Is 3221 composite?
False
Is 476429 a prime number?
True
Is 38581 composite?
True
Is 501029 composite?
False
Is 10427 prime?
True
Is 3793 a prime number?
True
Is 7486819 a prime number?
True
Is 1224661 a composite number?
True
Is 12967 composite?
False
Is 459821 prime?
False
Is 1402153 composite?
False
Is 5261 prime?
True
Is 83773 a prime number?
True
Is 204697 a prime number?
False
Is 206447 a prime number?
True
Is 316378 a composite number?
True
Is 114743 a prime number?
True
Is 26321 a composite number?
False
Is 43705 a prime number?
False
Is 10671 prime?
False
Is 105751 a composite number?
False
Is 333419 prime?
True
Is 7339 a prime number?
False
Is 462233 a composite number?
True
Is 191581 prime?
False
Is 336977 a composite number?
False
Is 1341107 a prime number?
False
Is 21635 a composite number?
True
Is 8501 prime?
True
Is 32014 composite?
True
Is 44467 composite?
True
Is 63267 prime?
False
Is 39469 a prime number?
False
Is 719 a prime number?
True
Is 869 a prime number?
False
Is 333229 a prime number?
False
Is 56311 prime?
True
Is 5403 prime?
False
Is 14971 prime?
False
Is 117761 a composite number?
True
Is 21247 prime?
True
Is 5479 a prime number?
True
Is 623521 a composite number?
False
Is 38242 a prime number?
False
Is 425687 a composite number?
True
Is 453049 a composite number?
True
Is 7393 composite?
False
Is 31091 composite?
False
Is 1252901 a composite number?
True
Is 14435 composite?
True
Is 207083 prime?
False
Is 234271 prime?
True
Is 22433 a prime number?
True
Is 17774 prime?
False
Is 24403 a prime number?
False
Is 12401 composite?
False
Is 81071 composite?
False
Is 206171 composite?
True
Is 53773 a composite number?
False
Is 69691 composite?
False
Is 42899 a prime number?
True
Is 3389 composite?
False
Is 71845 composite?
True
Is 8849 a composite number?
False
Is 9767 prime?
True
Is 14681 a prime number?
False
Is 106013 composite?
False
Is 274 composite?
True
Is 2101 prime?
False
Is 223511 a composite number?
True
Is 1891889 composite?
False
Is 415061 a composite number?
False
Is 307 a prime number?
True
Is 21311 composite?
True
Is 46741 a prime number?
False
Is 189755 composite?
True
Is 8287 prime?
True
Is 10967 a prime number?
False
Is 610991 a prime number?
False
Is 623899 composite?
True
Is 4678 a prime number?
False
Is 78539 a prime number?
True
Is 49705 a composite number?
True
Is 40459 composite?
False
Is 26899 composite?
True
Is 62189 a prime number?
True
Is 1883 a composite number?
True
Is 262433 composite?
False
Is 91477 a composite number?
True
Is 8137 composite?
True
Is 55201 composite?
False
Is 1022863 composite?
True
Is 680009 a composite number?
True
Is 170179 a prime number?
True
Is 782777 a prime number?
True
Is 54179 a composite number?
True
Is 224203 prime?
False
Is 69302 composite?
True
Is 271253 a composite number?
False
Is 39365 composite?
True
Is 11335 composite?
True
Is 58253 a prime number?
False
Is 462541 composite?
False
Is 101267 a prime number?
True
Is 138173 a composite number?
True
Is 33965 a prime number?
False
Is 550853 a prime number?
False
Is 51477 composite?
True
Is 147647 a prime number?
True
Is 3497 composite?
True
Is 631 a prime number?
True
Is 149603 a prime number?
True
Is 1185803 a composite number?
True
Is 6207 prime?
False
Is 12373 composite?
False
Is 138041 prime?
True
Is 52147 composite?
False
Is 4645 prime?
False
Is 67661 a prime number?
False
Is 35878 a composite number?
True
Is 6989 a composite number?
True
Is 9974 a prime number?
False
Is 559243 composite?
False
Is 5305 a composite number?
True
Is 71471 composite?
False
Is 4227307 a composite number?
True
Is 14923 composite?
False
Is 5227 a prime number?
True
Is 146351 composite?
True
Is 7617 a composite number?
True
Is 1123 composite?
False
Is 14969 composite?
False
Is 37951 composite?
False
Is 116789 a composite number?
False
Is 11257 composite?
False
Is 14941 a composite number?
True
Is 102161 a prime number?
True
Is 603227 a composite number?
False
Is 244087 prime?
True
Is 5191 a composite number?
True
Is 217901 prime?
True
Is 1216303 a composite number?
True
Is 95297 composite?
True
Is 5509 prime?
False
Is 3317 composite?
True
Is 6209 a composite number?
True
Is 33287 a composite number?
False
Is 157679 a composite number?
False
Is 58477 prime?
True
Is 7217 a composite number?
True
Is 194911 a composite number?
False
Is 930973 a composite number?
False
Is 574187 prime?
False
Is 13159 a composite number?
False
Is 36433 prime?
True
Is 5437 composite?
False
Is 12889 composite?
False
Is 376763 composite?
True
Is 242833 a prime number?
False
Is 116363 composite?
True
Is 18317 a prime number?
False
Is 1471 composite?
False
Is 768671 prime?
True
Is 5027 a composite number?
True
Is 72851 a composite number?
True
Is 10279 a composite number?
True
Is 864137 prime?
True
Is 44171 a prime number?
True
Is 3862 a prime number?
False
Is 21349 a composite number?
True
Is 43009 prime?
False
Is 4547 a composite number?
False
Is 166277 prime?
False
Is 58181 a prime number?
False
Is 170855 composite?
True
Is 2610587 a composite number?
True
Is 1315 prime?
False
Is 2459 a composite number?
False
Is 223999 prime?
True
Is 145063 a prime number?
True
Is 233911 prime?
True
Is 1500935 a prime number?
False
Is 37793 prime?
False
Is 537037 composite?
False
Is 10037 composite?
False
Is 18665 composite?
True
Is 692003 a composite number?
True
Is 63191 prime?
False
Is 7859 a prime number?
False
Is 1183193 a prime number?
False
Is 85331 prime?
True
Is 530369 prime?
False
Is 943 composite?
True
Is 87623 a composite number?
False
Is 361313 a prime number?
True
Is 31133 prime?
False
Is 3833 prime?
True
Is 1451 a prime number?
True
Is 20906 a composite number?
True
Is 3215 prime?
False
Is 197851 composite?
True
Is 1535 a prime number?
False
Is 2333 composite?
False
Is 27721 comp